 divided by 358.
352
What is the remainder when 2053 is divided by 432?
325
What is the remainder when 9788 is divided by 1395?
23
Calculate the remainder when 350908 is divided by 105.
103
What is the remainder when 342287 is divided by 95?
2
What is the remainder when 3215 is divided by 638?
25
What is the remainder when 3463 is divided by 2?
1
Calculate the remainder when 2344 is divided by 473.
452
What is the remainder when 7680 is divided by 83?
44
Calculate the remainder when 1220939 is divided by 180.
179
What is the remainder when 278312 is divided by 139146?
20
Calculate the remainder when 282053 is divided by 5.
3
What is the remainder when 184333 is divided by 164?
161
What is the remainder when 122367 is divided by 512?
511
What is the remainder when 10429 is divided by 111?
106
Calculate the remainder when 8472 is divided by 1094.
814
Calculate the remainder when 27196 is divided by 2264.
28
Calculate the remainder when 40658 is divided by 27.
23
What is the remainder when 109707 is divided by 207?
204
Calculate the remainder when 3042 is divided by 279.
252
Calculate the remainder when 1004192 is divided by 535.
532
Calculate the remainder when 1802 is divided by 83.
59
Calculate the remainder when 3227 is divided by 2895.
332
What is the remainder when 9967 is divided by 169?
165
What is the remainder when 457011 is divided by 244?
243
What is the remainder when 52742 is divided by 152?
150
What is the remainder when 124654 is divided by 233?
232
What is the remainder when 220947 is divided by 28?
27
What is the remainder when 133511 is divided by 238?
231
What is the remainder when 12445 is divided by 458?
79
What is the remainder when 180245 is divided by 823?
8
What is the remainder when 307294 is divided by 72?
70
Calculate the remainder when 7983 is divided by 4.
3
Calculate the remainder when 157499 is divided by 20.
19
Calculate the remainder when 258 is divided by 220.
38
What is the remainder when 7783 is divided by 1534?
113
What is the remainder when 29509 is divided by 328?
317
What is the remainder when 66975 is divided by 66973?
2
Calculate the remainder when 91907 is divided by 17.
5
Calculate the remainder when 71394 is divided by 525.
519
What is the remainder when 43610 is divided by 14510?
80
What is the remainder when 51732 is divided by 168?
156
What is the remainder when 10761 is divided by 117?
114
What is the remainder when 2496574 is divided by 925?
924
What is the remainder when 366 is divided by 207?
159
Calculate the remainder when 414611 is divided by 25913.
3
Calculate the remainder when 9292 is divided by 419.
74
Calculate the remainder when 816 is divided by 43.
42
Calculate the remainder when 2301 is divided by 30.
21
What is the remainder when 1817 is divided by 83?
74
What is the remainder when 8521 is divided by 426?
1
Calculate the remainder when 31317 is divided by 324.
213
Calculate the remainder when 48017 is divided by 28.
25
What is the remainder when 48029 is divided by 273?
254
What is the remainder when 55653 is divided by 1264?
37
What is the remainder when 6720 is divided by 19?
13
Calculate the remainder when 26481 is divided by 8758.
207
Calculate the remainder when 2779 is divided by 280.
259
What is the remainder when 3863 is divided by 130?
93
What is the remainder when 124066 is divided by 31013?
14
Calculate the remainder when 17370 is divided by 172.
170
What is the remainder when 2179 is divided by 2171?
8
Calculate the remainder when 528811 is divided by 26.
23
Calculate the remainder when 653411 is divided by 102.
101
Calculate the remainder when 8655 is divided by 1272.
1023
Calculate the remainder when 18377 is divided by 277.
95
What is the remainder when 12301 is divided by 247?
198
Calculate the remainder when 379769 is divided by 46.
39
Calculate the remainder when 447989 is divided by 5973.
14
Calculate the remainder when 94270 is divided by 51.
22
What is the remainder when 55197 is divided by 386?
385
Calculate the remainder when 284558 is divided by 144.
14
What is the remainder when 22058 is divided by 789?
755
What is the remainder when 34749 is divided by 46?
19
What is the remainder when 21309 is divided by 292?
285
Calculate the remainder when 883 is divided by 182.
155
Calculate the remainder when 320120 is divided by 14550.
20
Calculate the remainder when 3713 is divided by 3707.
6
What is the remainder when 126866 is divided by 926?
4
What is the remainder when 7738 is divided by 61?
52
Calculate the remainder when 19246 is divided by 2734.
108
What is the remainder when 6177 is divided by 88?
17
What is the remainder when 28749 is divided by 117?
84
What is the remainder when 999 is divided by 55?
9
Calculate the remainder when 5023 is divided by 2509.
5
What is the remainder when 55583 is divided by 339?
326
Calculate the remainder when 1867 is divided by 718.
431
What is the remainder when 39063 is divided by 684?
75
What is the remainder when 16486 is divided by 1831?
7
Calculate the remainder when 473475 is divided by 157809.
48
Calculate the remainder when 18476 is divided by 155.
31
What is the remainder when 369131 is divided by 487?
472
What is the remainder when 8639 is divided by 1645?
414
What is the remainder when 417101 is divided by 21?
20
Calculate the remainder when 185086 is divided by 241.
239
What is the remainder when 24659 is divided by 411?
410
What is the remainder when 1567032 is divided by 46?
42
What is the remainder when 697 is divided by 559?
138
Calculate the remainder when 3049253 is divided by 1494.
1493
Calculate the remainder when 246 is divided by 29.
14
Calculate the remainder when 3522 is divided by 10.
2
What is the remainder when 1942 is divided by 131?
108
What is the remainder when 22349 is divided by 43?
32
What is the remainder when 42066 is divided by 42035?
31
Calculate the remainder when 15130 is divided by 352.
346
What is the remainder when 136946 is divided by 13693?
16
Calculate the remainder when 2198 is divided by 152.
70
What is the remainder when 2074 is divided by 260?
254
Calculate the remainder when 4297 is divided by 182.
111
What is the remainder when 55490 is divided by 13870?
10
What is the remainder when 282377 is divided by 129?
125
Calculate the remainder when 130 is divided by 78.
52
What is the remainder when 352637 is divided by 5?
2
What is the remainder when 1801458 is divided by 31?
17
What is the remainder when 5409 is divided by 104?
1
What is the remainder when 6009 is divided by 1967?
108
Calculate the remainder when 1552 is divided by 1527.
25
Calculate the remainder when 4787297 is divided by 977.
974
What is the remainder when 1590 is divided by 1349?
241
Calculate the remainder when 66399 is divided by 23.
21
What is the remainder when 212074 is divided by 411?
409
What is the remainder when 1239636 is divided by 193?
190
What is the remainder when 4929 is divided by 63?
15
What is the remainder when 931579 is divided by 7?
5
Calculate the remainder when 1201 is divided by 410.
381
Calculate the remainder when 107291 is divided by 240.
11
What is the remainder when 1086 is divided by 196?
106
What is the remainder when 978224 is divided by 174?
170
What is the remainder when 32971 is divided by 231?
169
Calculate the remainder when 14907 is divided by 2118.
81
What is the remainder when 136419 is divided by 34?
11
What is the remainder when 5305 is divided by 2541?
223
What is the remainder when 4953 is divided by 25?
3
What is the remainder when 1262 is divided by 83?
17
What is the remainder when 22695 is divided by 16?
7
What is the remainder when 555 is divided by 55?
5
What is the remainder when 640 is divided by 33?
13
What is the remainder when 9358 is divided by 6?
4
Calculate the remainder when 501 is divided by 114.
45
Calculate the remainder when 17914 is divided by 407.
6
What is the remainder when 15263 is divided by 636?
635
Calculate the remainder when 2125 is divided by 608.
301
Calculate the remainder when 50983 is divided by 12742.
15
Calculate the remainder when 206133 is divided by 56.
53
Calculate the remainder when 4220437 is divided by 111.
106
What is the remainder when 4982 is divided by 2393?
196
What is the remainder when 155943 is divided by 34